ose -r + 45 = 4*r. Let y(t) = -t + 2. Let s be y(3). What is the units digit of 1 + r + 0 + s?
9
Let k = 168 - 103. What is the tens digit of k?
6
Let d = 103 + -27. Suppose -s - z = 3*z - 50, -2*s = 2*z - d. What is the units digit of s?
4
Suppose -3*p + 929 + 208 = 0. What is the units digit of p?
9
Suppose -3*f = -63 - 0. What is the units digit of f?
1
Let j be -4 - (-2)/((-3)/3). What is the units digit of ((-9)/2)/(3/j)?
9
Let c(p) = p + 9. Let i be c(-9). Let v be 2 - (-1 + 2 + -3). Suppose -v*z = -i*z - 44. What is the tens digit of z?
1
Suppose 69*t = 73*t - 276. What is the units digit of t?
9
Let a = 31 - 6. Let g = 39 - a. What is the tens digit of g?
1
Let o be (-4)/(-22) - 699/33. Let y = -12 - o. What is the units digit of y?
9
What is the tens digit of (478 - (-2*4 - -4))/2?
4
Let y = -96 + 290. What is the tens digit of y?
9
Let c(h) = h**3 + 6*h**2 - h + 8. Let q = -14 - -8. What is the tens digit of c(q)?
1
Suppose 5*f - 109 = 4*f. What is the hundreds digit of f?
1
Let v(o) = -o**3 - 2*o**2 + 16*o + 10. What is the units digit of v(-8)?
6
Suppose -2*l - 1 + 15 = 0. What is the units digit of l?
7
Let d = 38 - 33. What is the units digit of d?
5
What is the tens digit of 1/(0 - 4/(-44))?
1
Suppose -4*x + 1 = -11. Suppose -3 = -x*j + 6. Let p(q) = -q**2 + 5*q - 3. What is the units digit of p(j)?
3
Suppose -2*h + 2*k - 6 = 0, 2*h - 5*h = k - 11. Let a = 3 - h. What is the units digit of a?
1
Let a(j) = -j**2 - 22*j - 22. What is the units digit of a(-15)?
3
Let m(h) be the first derivative of h**4/12 - 3*h**3/2 - h**2/2 + h + 2. Let l(j) be the first derivative of m(j). What is the units digit of l(10)?
9
Let w(t) = -t**3 + 1. Let k be w(0). Let d(f) = f**2 - f - 1. Let o(i) = -i**2 + 4*i + 3. Let s(v) = 4*d(v) + o(v). What is the units digit of s(k)?
2
Suppose 2*a + 4*g - 6 = 0, -a + 3*g = -1 + 3. Let z = 74 - a. Suppose 4*i = -5*u + 72, -5*i + u + z = 3*u. What is the units digit of i?
3
Suppose 3*v - 3*u + 6*u = 780, -5*u - 1004 = -4*v. What is the hundreds digit of v?
2
Let b(v) = -v - 2. Let m be b(-3). What is the units digit of (141/(-9))/(m/(-3))?
7
Suppose 4*n + 0*n + 4 = 0. Let h be n + 22 + -1 + 2. Suppose 14 = 4*u + 2*k, -5*k + 7 = 4*u - h. What is the units digit of u?
1
Let z(h) = h**3 + h**2 - h + 1. Let i(o) = 6*o**3 + 15*o**2 - 16*o + 9. Let f(y) = i(y) - 5*z(y). What is the units digit of f(-11)?
4
Suppose 2*x - l + 17 = -7, -3*l = 0. What is the tens digit of 2/(-6) - 208/x?
1
Let d(g) = 7 + g**3 - 4*g + 1 + 8*g**2 + 5*g. Let x be d(-8). What is the units digit of 6/(x - 2) - -5?
2
Let o = -5 + 8. Let y be 12/(-8)*4/o. What is the units digit of 5 + (y - -1) + -1?
3
Let g = -6 + 11. Suppose 0 = -g*t - 2*o - 0*o - 6, -3*t = 3*o. Let a = 15 + t. What is the units digit of a?
3
Let k = 26 - 5. What is the tens digit of k?
2
Let k = 3 - 3. Suppose -u + 2*o = -22 - 13, 4*u - 2*o - 116 = k. Let v = -17 + u. What is the tens digit of v?
1
Let f(g) = 9*g**2 - 1. What is the tens digit of f(-3)?
8
Suppose 5*g = -2*r + 339 + 34, 78 = g - 3*r. What is the units digit of g?
5
Let i = 9 - 4. Suppose -i*a + 119 + 81 = 0. Suppose 4*x + x = a. What is the units digit of x?
8
Suppose -234 = -8*a + 2*a. What is the tens digit of a?
3
What is the units digit of (-1842)/9*(-3)/2?
7
Suppose 0 = 5*w - 471 - 84. What is the hundreds digit of w?
1
Let s = 77 - -188. What is the units digit of s?
5
Let s(a) = 4*a**2 - 5*a - 32. What is the hundreds digit of s(8)?
1
Let w(t) = t**3 - 12*t**2 + 7*t + 17. What is the units digit of w(12)?
1
Suppose 2 + 4 = -p + 2*q, -5*p = -q - 6. Suppose -n - 5*g - 21 = -2*n, 3*n - 11 = p*g. What is the units digit of n?
1
Let y = 48 + -22. Suppose y = 3*i + 8. Let j(x) = -x**2 + 5*x + 7. What is the units digit of j(i)?
1
Let o(h) = -h. Let a(x) = -11*x + 1. Let d(m) = 2*a(m) - 18*o(m). What is the tens digit of d(-3)?
1
Let d be ((-3)/5)/(6/(-30)). Suppose 0 = s - 2*w - 10, 3*s - d*w - 15 = 6. What is the units digit of s?
4
Let v(i) = i**2 + 7*i + 3. Let f be v(-7). Suppose s - g = 29, -f*g - 34 = -s - 1. What is the tens digit of s?
2
Suppose 203 = 3*q + x, -x - 5 = -2*x. What is the units digit of q?
6
Let z be ((-3)/2)/((-1)/2). Suppose z*j = -10 - 17. Let f = j - -14. What is the units digit of f?
5
Suppose 3*l - 5*g - 471 = l, -4*l - g = -953. What is the hundreds digit of l?
2
Suppose 10 = -2*o - 2. Let d be 135/10*(-8)/o. Suppose -w - k - d = -4*w, -w = -3*k - 6. What is the units digit of w?
6
Let m(o) = -o**2 + 11*o - 6. Let c be (10/(-1))/(1/(-1)). Let v be m(c). Suppose 5*r = v*g + 36, -5*g + 8*g - 3 = 0. What is the units digit of r?
8
Let g be (2 - 0)/(2/5). Suppose 47 = 4*f + 5*y, -5*f + 3*f + g*y = -1. Let l = f + 1. What is the units digit of l?
9
Suppose -2*t - 2 = -42. Suppose 4*w - 3*w + o + 5 = 0, 4*w - 15 = 3*o. Suppose -4*v + 2*v + t = w. What is the units digit of v?
0
Let v(y) = y**3 - 6*y**2 - y + 9. What is the tens digit of v(7)?
5
Let h(z) be the first derivative of z**3/3 + 2*z**2 - 4*z + 1. Let k be h(-4). What is the units digit of (-1 - 1)/(k/8)?
4
Let u(n) = -3*n + 4*n + 4 + 2. Let o be u(-4). What is the units digit of (-2)/(-4) - (-13)/o?
7
Let f(l) = -2*l**2 - 3*l. Suppose n = -2*n - 6. Let p be f(n). What is the units digit of (1/p)/(2/(-12))?
3
Suppose 3*m - 68 = -l - 20, 3*l = -5*m + 80. Suppose 5*q - m = -5*w + 9, 5*w + q = 17. What is the units digit of w?
3
What is the units digit of 0/(-4 + 3) + 3?
3
What is the tens digit of (-68)/((-2)/(-4)*-4)?
3
Let h(q) = -2*q**3 - 4*q**2 + 2. Let t be h(-3). Let a = -11 + t. What is the units digit of a?
9
Let c = -10 + 14. Suppose 0 = -y + 5, 5*y - 70 + 5 = c*p. What is the units digit of 4/6*3 - p?
2
Let j(v) = -v + 1. Let k be j(-2). Suppose 3*g - 7*g = -5*o - 80, 0 = k*g - 3*o - 63. What is the tens digit of g?
2
Let w be 4 - (1 - -1 - 0). Let z(g) = 0*g**2 + 1 + 3*g**2 + 2*g - 5*g. What is the units digit of z(w)?
7
Suppose -q - 4 + 7 = 0. Suppose -s = -q*s - 2*c + 28, s = 2*c - 1. What is the units digit of s?
9
Let a(p) = p**3 - 15*p**2 + 31*p - 5. What is the tens digit of a(14)?
3
What is the units digit of 1 + -4 + 0 + 47?
4
Let i be 1/(4/12) + 0. What is the units digit of 75/i*(-8)/(-10)?
0
Let b = 0 + 4. Let w = 6 + b. What is the units digit of w?
0
Let v(z) = -36*z + 4. Let s be v(-3). What is the units digit of (s/24)/((-2)/(-21))?
9
Let a be ((-2)/2)/(3/(-18)). Let b = a + -8. What is the units digit of (-1)/(b - -3) + 4?
3
Let x = 3 + 3. Let g(v) = v - 7. Let s be g(x). Let n = s - -7. What is the units digit of n?
6
What is the tens digit of (2/(-6))/((-2)/102)?
1
Let f be (6/4)/((-3)/(-56)). Suppose d - 40 = -d. Let z = f - d. What is the units digit of z?
8
Suppose -4*w - 2 = 2. Let m = w + 11. What is the tens digit of m?
1
Let t be (0 + 4/12)*9. What is the tens digit of 54*(1 - t/6)?
2
Let p(t) be the third derivative of -t**5/60 + t**4/2 - 13*t**3/6 - t**2. What is the units digit of p(9)?
4
Let r(k) = 2*k. Let q be r(-1). Let t be (-4 + 2)/q*10. Let v = t - 3. What is the units digit of v?
7
Suppose -4*k + 4*z = 27 + 29, 5*k + 4*z = -34. Let d be k*(18/(-15) - 3). Let r = d - 30. What is the units digit of r?
2
Let p be ((-30)/25)/(3/(-20)). Suppose -13 = 3*u + 5*y, 5*u - 2 - p = -2*y. Suppose u*n = -n + 20. What is the units digit of n?
4
Let g(b) = -b**2 + 9*b + 11. Let o be g(10). What is the units digit of 5/(5/9)*o?
9
Suppose -4*y = y + 90. Let u = y + 32. What is the units digit of u?
4
Suppose 0 = -5*k - 5*j + 35, -3*j = 2*k - 6*k - 7. Suppose u + k*u = 21. What is the units digit of u?
7
Let o(t) be the second derivative of -t**4/12 + 5*t**3/2 - 6*t**2 - 3*t. What is the tens digit of o(9)?
4
Let p = 74 + 42. What is the tens digit of p?
1
Suppose -4*o + 1272 = -0*o. What is the hundreds digit of o?
3
Let u be (8/10)/((-4)/(-50)). What is the tens digit of 98/u - (-2)/10?
1
Suppose 91*m - 86*m - 670 = 0. What is the hundreds digit of m?
1
Let y = 48 + 92. What is the units digit of y?
0
Let x = 7 - 5. Let f = 31 + x. What is the units digit of f?
3
Let d(k) = k**2 - 5*k - 5. Let l be d(6). Let v(p) = -l - 2*p - p - p. What is the units digit of v(-2)?
7
Let f be 8 - 4 - (1 + 1). Suppose -u - 8 = -4*o + f*u, 5*u = 0. Suppose o*b - n - 13 = -2*n, -4*n = 12. What is the units digi